{"id":9,"date":"2022-09-25T18:29:29","date_gmt":"2022-09-25T18:29:29","guid":{"rendered":"https:\/\/kerdoiv.takaritocsoport.hu\/?page_id=9"},"modified":"2023-11-29T10:09:40","modified_gmt":"2023-11-29T10:09:40","slug":"elementor-9","status":"publish","type":"page","link":"https:\/\/kerdoiv.takaritocsoport.hu\/","title":{"rendered":"Elementor #9"},"content":{"rendered":"\t\t<div data-elementor-type=\"wp-page\" data-elementor-id=\"9\" class=\"elementor elementor-9\">\n\t\t\t\t\t\t\t\t\t<section class=\"elementor-section elementor-top-section elementor-element elementor-element-d23c2ca elementor-section-boxed elementor-section-height-default elementor-section-height-default\" data-id=\"d23c2ca\" data-element_type=\"section\" data-settings=\"{&quot;background_background&quot;:&quot;classic&quot;}\">\n\t\t\t\t\t\t<div class=\"elementor-container elementor-column-gap-default\">\n\t\t\t\t\t<div class=\"elementor-column elementor-col-100 elementor-top-column elementor-element elementor-element-c8e9ea0\" data-id=\"c8e9ea0\" data-element_type=\"column\">\n\t\t\t<div class=\"elementor-widget-wrap elementor-element-populated\">\n\t\t\t\t\t\t\t\t<div class=\"elementor-element elementor-element-4dc90ca elementor-widget elementor-widget-heading\" data-id=\"4dc90ca\" data-element_type=\"widget\" data-widget_type=\"heading.default\">\n\t\t\t\t<div class=\"elementor-widget-container\">\n\t\t\t<style>\/*! elementor - v3.7.7 - 20-09-2022 *\/\n.elementor-heading-title{padding:0;margin:0;line-height:1}.elementor-widget-heading .elementor-heading-title[class*=elementor-size-]>a{color:inherit;font-size:inherit;line-height:inherit}.elementor-widget-heading .elementor-heading-title.elementor-size-small{font-size:15px}.elementor-widget-heading .elementor-heading-title.elementor-size-medium{font-size:19px}.elementor-widget-heading .elementor-heading-title.elementor-size-large{font-size:29px}.elementor-widget-heading .elementor-heading-title.elementor-size-xl{font-size:39px}.elementor-widget-heading .elementor-heading-title.elementor-size-xxl{font-size:59px}<\/style><h2 class=\"elementor-heading-title elementor-size-default\">A Nagy<\/h2>\t\t<\/div>\n\t\t\t\t<\/div>\n\t\t\t\t<div class=\"elementor-element elementor-element-e12fa41 elementor-widget elementor-widget-heading\" data-id=\"e12fa41\" data-element_type=\"widget\" data-widget_type=\"heading.default\">\n\t\t\t\t<div class=\"elementor-widget-container\">\n\t\t\t<h3 class=\"elementor-heading-title elementor-size-default\">Takar\u00edt\u00f3 Piackutat\u00e1s<\/h3>\t\t<\/div>\n\t\t\t\t<\/div>\n\t\t\t\t<div class=\"elementor-element elementor-element-b6c3eda elementor-widget elementor-widget-heading\" data-id=\"b6c3eda\" data-element_type=\"widget\" data-widget_type=\"heading.default\">\n\t\t\t\t<div class=\"elementor-widget-container\">\n\t\t\t<h2 class=\"elementor-heading-title elementor-size-default\">--- 2023 ---<\/h2>\t\t<\/div>\n\t\t\t\t<\/div>\n\t\t\t\t<div class=\"elementor-element elementor-element-d90ab47 elementor-widget elementor-widget-text-editor\" data-id=\"d90ab47\" data-element_type=\"widget\" data-widget_type=\"text-editor.default\">\n\t\t\t\t<div class=\"elementor-widget-container\">\n\t\t\t<style>\/*! elementor - v3.7.7 - 20-09-2022 *\/\n.elementor-widget-text-editor.elementor-drop-cap-view-stacked .elementor-drop-cap{background-color:#818a91;color:#fff}.elementor-widget-text-editor.elementor-drop-cap-view-framed .elementor-drop-cap{color:#818a91;border:3px solid;background-color:transparent}.elementor-widget-text-editor:not(.elementor-drop-cap-view-default) .elementor-drop-cap{margin-top:8px}.elementor-widget-text-editor:not(.elementor-drop-cap-view-default) .elementor-drop-cap-letter{width:1em;height:1em}.elementor-widget-text-editor .elementor-drop-cap{float:left;text-align:center;line-height:1;font-size:50px}.elementor-widget-text-editor .elementor-drop-cap-letter{display:inline-block}<\/style>\t\t\t\t<p><img loading=\"lazy\" decoding=\"async\" class=\"size-medium wp-image-34 aligncenter\" src=\"https:\/\/kerdoiv.takaritocsoport.hu\/wp-content\/uploads\/2022\/09\/piackutatas-300x161.png\" alt=\"\" width=\"300\" height=\"161\" srcset=\"https:\/\/kerdoiv.takaritocsoport.hu\/wp-content\/uploads\/2022\/09\/piackutatas-300x161.png 300w, https:\/\/kerdoiv.takaritocsoport.hu\/wp-content\/uploads\/2022\/09\/piackutatas.png 632w\" sizes=\"auto, (max-width: 300px) 100vw, 300px\" \/><\/p>\t\t\t\t\t\t<\/div>\n\t\t\t\t<\/div>\n\t\t\t\t\t<\/div>\n\t\t<\/div>\n\t\t\t\t\t\t\t<\/div>\n\t\t<\/section>\n\t\t\t\t<section class=\"elementor-section elementor-top-section elementor-element elementor-element-d731450 elementor-section-full_width elementor-section-height-default elementor-section-height-default\" data-id=\"d731450\" data-element_type=\"section\" data-settings=\"{&quot;background_background&quot;:&quot;classic&quot;}\">\n\t\t\t\t\t\t<div class=\"elementor-container elementor-column-gap-default\">\n\t\t\t\t\t<div class=\"elementor-column elementor-col-50 elementor-top-column elementor-element elementor-element-d85db5b\" data-id=\"d85db5b\" data-element_type=\"column\" data-settings=\"{&quot;background_background&quot;:&quot;slideshow&quot;,&quot;background_slideshow_gallery&quot;:[{&quot;id&quot;:65,&quot;url&quot;:&quot;https:\\\/\\\/kerdoiv.takaritocsoport.hu\\\/wp-content\\\/uploads\\\/2022\\\/09\\\/tak_piackutatas-1.jpg&quot;}],&quot;background_slideshow_loop&quot;:&quot;yes&quot;,&quot;background_slideshow_slide_duration&quot;:5000,&quot;background_slideshow_slide_transition&quot;:&quot;fade&quot;,&quot;background_slideshow_transition_duration&quot;:500}\">\n\t\t\t<div class=\"elementor-widget-wrap elementor-element-populated\">\n\t\t\t\t\t\t\t\t<div class=\"elementor-element elementor-element-993b222 elementor-widget elementor-widget-text-editor\" data-id=\"993b222\" data-element_type=\"widget\" data-widget_type=\"text-editor.default\">\n\t\t\t\t<div class=\"elementor-widget-container\">\n\t\t\t\t\t\t\t<h1>Takar\u00edt\u00f3<\/h1><h3>vagyok<\/h3><p><img loading=\"lazy\" decoding=\"async\" class=\"aligncenter wp-image-46\" src=\"https:\/\/kerdoiv.takaritocsoport.hu\/wp-content\/uploads\/2022\/09\/takarito.png\" alt=\"\" width=\"50\" height=\"50\" srcset=\"https:\/\/kerdoiv.takaritocsoport.hu\/wp-content\/uploads\/2022\/09\/takarito.png 225w, https:\/\/kerdoiv.takaritocsoport.hu\/wp-content\/uploads\/2022\/09\/takarito-150x150.png 150w\" sizes=\"auto, (max-width: 50px) 100vw, 50px\" \/><\/p><p>Ha takar\u00edt\u00f3k\u00e9nt, bej\u00e1r\u00f3n\u0151k\u00e9nt dolgozol vagy dolgozt\u00e1l, ak\u00e1r sz\u00e1llod\u00e1ban, ak\u00e1r b\u00e1rmilyen c\u00e9gn\u00e9l vagy mag\u00e1nszem\u00e9lyekn\u00e9l, ezek a k\u00e9rd\u00e9sek neked sz\u00f3lnak:\u00a0<\/p>\t\t\t\t\t\t<\/div>\n\t\t\t\t<\/div>\n\t\t\t\t<div class=\"elementor-element elementor-element-18c89cb elementor-align-center elementor-widget elementor-widget-button\" data-id=\"18c89cb\" data-element_type=\"widget\" data-widget_type=\"button.default\">\n\t\t\t\t<div class=\"elementor-widget-container\">\n\t\t\t\t\t<div class=\"elementor-button-wrapper\">\n\t\t\t<a href=\"https:\/\/forms.gle\/oB5xNAhhRJyJ7Zzx7\" class=\"elementor-button-link elementor-button elementor-size-lg elementor-animation-grow\" role=\"button\">\n\t\t\t\t\t\t<span class=\"elementor-button-content-wrapper\">\n\t\t\t\t\t\t<span class=\"elementor-button-text\">Kit\u00f6lt\u00f6m a k\u00e9rd\u0151\u00edvet - 2 perc<\/span>\n\t\t<\/span>\n\t\t\t\t\t<\/a>\n\t\t<\/div>\n\t\t\t\t<\/div>\n\t\t\t\t<\/div>\n\t\t\t\t<div class=\"elementor-element elementor-element-7df0a88 elementor-widget elementor-widget-text-editor\" data-id=\"7df0a88\" data-element_type=\"widget\" data-widget_type=\"text-editor.default\">\n\t\t\t\t<div class=\"elementor-widget-container\">\n\t\t\t\t\t\t\t<h6><span style=\"font-family: var( --e-global-typography-text-font-family ), Sans-serif; font-weight: var( --e-global-typography-text-font-weight ); font-size: 1rem;\">10 k\u00e9rd\u00e9s<\/span><\/h6>\t\t\t\t\t\t<\/div>\n\t\t\t\t<\/div>\n\t\t\t\t\t<\/div>\n\t\t<\/div>\n\t\t\t\t<div class=\"elementor-column elementor-col-50 elementor-top-column elementor-element elementor-element-ba6ebc0\" data-id=\"ba6ebc0\" data-element_type=\"column\" data-settings=\"{&quot;background_background&quot;:&quot;slideshow&quot;,&quot;background_slideshow_gallery&quot;:[{&quot;id&quot;:66,&quot;url&quot;:&quot;https:\\\/\\\/kerdoiv.takaritocsoport.hu\\\/wp-content\\\/uploads\\\/2022\\\/09\\\/ceg_piackutatas.jpg&quot;}],&quot;background_slideshow_loop&quot;:&quot;yes&quot;,&quot;background_slideshow_slide_duration&quot;:5000,&quot;background_slideshow_slide_transition&quot;:&quot;fade&quot;,&quot;background_slideshow_transition_duration&quot;:500}\">\n\t\t\t<div class=\"elementor-widget-wrap elementor-element-populated\">\n\t\t\t\t\t\t\t\t<div class=\"elementor-element elementor-element-0fe90e8 elementor-widget elementor-widget-text-editor\" data-id=\"0fe90e8\" data-element_type=\"widget\" data-widget_type=\"text-editor.default\">\n\t\t\t\t<div class=\"elementor-widget-container\">\n\t\t\t\t\t\t\t<h1>Munk\u00e1ltat\u00f3<\/h1>\n<h2>vagyok<\/h2>\n<p><img loading=\"lazy\" decoding=\"async\" class=\"aligncenter wp-image-47\" src=\"https:\/\/kerdoiv.takaritocsoport.hu\/wp-content\/uploads\/2022\/09\/munkaltato.png\" alt=\"\" width=\"50\" height=\"50\" srcset=\"https:\/\/kerdoiv.takaritocsoport.hu\/wp-content\/uploads\/2022\/09\/munkaltato.png 225w, https:\/\/kerdoiv.takaritocsoport.hu\/wp-content\/uploads\/2022\/09\/munkaltato-150x150.png 150w\" sizes=\"auto, (max-width: 50px) 100vw, 50px\" \/><\/p>\n<p>Ha takar\u00edt\u00e1ssal foglalkoz\u00f3 c\u00e9get vezetsz, vagy c\u00e9gedhez takar\u00edt\u00f3 szolg\u00e1ltat\u00e1st veszel ig\u00e9nybe, esetleg saj\u00e1t takar\u00edt\u00f3d van alkalmazottk\u00e9nt, t\u00f6ltsd ki a k\u00e9rd\u0151\u00edvet:<\/p>\t\t\t\t\t\t<\/div>\n\t\t\t\t<\/div>\n\t\t\t\t<div class=\"elementor-element elementor-element-2509d80 elementor-align-center elementor-widget elementor-widget-button\" data-id=\"2509d80\" data-element_type=\"widget\" data-widget_type=\"button.default\">\n\t\t\t\t<div class=\"elementor-widget-container\">\n\t\t\t\t\t<div class=\"elementor-button-wrapper\">\n\t\t\t<a href=\"https:\/\/forms.gle\/pzCdVd71cHikupPq8\" class=\"elementor-button-link elementor-button elementor-size-lg elementor-animation-grow\" role=\"button\">\n\t\t\t\t\t\t<span class=\"elementor-button-content-wrapper\">\n\t\t\t\t\t\t<span class=\"elementor-button-text\">Kit\u00f6lt\u00f6m a k\u00e9rd\u0151\u00edvet - 2 perc<\/span>\n\t\t<\/span>\n\t\t\t\t\t<\/a>\n\t\t<\/div>\n\t\t\t\t<\/div>\n\t\t\t\t<\/div>\n\t\t\t\t<div class=\"elementor-element elementor-element-ed10b72 elementor-widget elementor-widget-text-editor\" data-id=\"ed10b72\" data-element_type=\"widget\" data-widget_type=\"text-editor.default\">\n\t\t\t\t<div class=\"elementor-widget-container\">\n\t\t\t\t\t\t\t<h6><span style=\"font-family: var( --e-global-typography-text-font-family ), Sans-serif; font-weight: var( --e-global-typography-text-font-weight ); font-size: 1rem;\">13 k\u00e9rd\u00e9s<\/span><\/h6>\t\t\t\t\t\t<\/div>\n\t\t\t\t<\/div>\n\t\t\t\t\t<\/div>\n\t\t<\/div>\n\t\t\t\t\t\t\t<\/div>\n\t\t<\/section>\n\t\t\t\t<section class=\"elementor-section elementor-top-section elementor-element elementor-element-17e26db elementor-section-boxed elementor-section-height-default elementor-section-height-default\" data-id=\"17e26db\" data-element_type=\"section\" data-settings=\"{&quot;background_background&quot;:&quot;classic&quot;}\">\n\t\t\t\t\t\t<div class=\"elementor-container elementor-column-gap-default\">\n\t\t\t\t\t<div class=\"elementor-column elementor-col-100 elementor-top-column elementor-element elementor-element-e7c1286\" data-id=\"e7c1286\" data-element_type=\"column\">\n\t\t\t<div class=\"elementor-widget-wrap elementor-element-populated\">\n\t\t\t\t\t\t\t\t<div class=\"elementor-element elementor-element-e353895 elementor-widget elementor-widget-heading\" data-id=\"e353895\" data-element_type=\"widget\" data-widget_type=\"heading.default\">\n\t\t\t\t<div class=\"elementor-widget-container\">\n\t\t\t<h3 class=\"elementor-heading-title elementor-size-default\">Mir\u0151l sz\u00f3l a Piackutat\u00e1s?<\/h3>\t\t<\/div>\n\t\t\t\t<\/div>\n\t\t\t\t<div class=\"elementor-element elementor-element-7503381 elementor-widget elementor-widget-text-editor\" data-id=\"7503381\" data-element_type=\"widget\" data-widget_type=\"text-editor.default\">\n\t\t\t\t<div class=\"elementor-widget-container\">\n\t\t\t\t\t\t\t<h2><span style=\"font-family: var( --e-global-typography-text-font-family ), Sans-serif; font-weight: var( --e-global-typography-text-font-weight ); font-size: 1rem;\">A felm\u00e9r\u00e9s c\u00e9lja jobban megismerni a munkav\u00e1llal\u00f3i \u00e9s a munk\u00e1ltat\u00f3i oldal ig\u00e9nyeit \u00e9s elv\u00e1r\u00e1sait egyar\u00e1nt. Gyakran tapasztalhat\u00f3, hogy egy \u00faj munkat\u00e1rs, vagy \u00faj \u00e1ll\u00e1sra jelentkez\u00e9s sor\u00e1n nem pont azt tal\u00e1ljuk meg amit val\u00f3j\u00e1ban kerest\u00fcnk, illetve olyan visszat\u00e9r\u0151 probl\u00e9m\u00e1kkal szembes\u00fcl\u00fcnk, amire szeretn\u00e9nk megold\u00e1st tal\u00e1lni mihamarabb.<\/span><\/h2><div><span style=\"font-family: var( --e-global-typography-text-font-family ), Sans-serif; font-weight: var( --e-global-typography-text-font-weight ); font-size: 1rem;\">&#8212;<\/span><\/div><p>\u00a0<\/p><p>K\u00e9r\u00fcnk, hogy a k\u00e9rd\u00e9sek megv\u00e1laszol\u00e1s\u00e1val seg\u00edts nek\u00fcnk ezeket a probl\u00e9m\u00e1kat megfogalmazni, hogy k\u00e9s\u0151bb Mi is seg\u00edteni tudjunk \u00e9s megold\u00e1sokat ny\u00fajthassunk a Takar\u00edt\u00f3i \u00e9s Munk\u00e1ltat\u00f3i oldalnak egyar\u00e1nt!<\/p>\t\t\t\t\t\t<\/div>\n\t\t\t\t<\/div>\n\t\t\t\t\t<\/div>\n\t\t<\/div>\n\t\t\t\t\t\t\t<\/div>\n\t\t<\/section>\n\t\t\t\t\t\t\t<\/div>\n\t\t","protected":false},"excerpt":{"rendered":"<p>A Nagy Takar\u00edt\u00f3 Piackutat\u00e1s &#8212; 2023 &#8212; Takar\u00edt\u00f3 vagyok Ha takar\u00edt\u00f3k\u00e9nt, bej\u00e1r\u00f3n\u0151k\u00e9nt dolgozol vagy dolgozt\u00e1l, ak\u00e1r sz\u00e1llod\u00e1ban, ak\u00e1r b\u00e1rmilyen c\u00e9gn\u00e9l vagy mag\u00e1nszem\u00e9lyekn\u00e9l, ezek a k\u00e9rd\u00e9sek neked sz\u00f3lnak:\u00a0 Kit\u00f6lt\u00f6m a k\u00e9rd\u0151\u00edvet &#8211; 2 perc 10 k\u00e9rd\u00e9s Munk\u00e1ltat\u00f3 vagyok Ha takar\u00edt\u00e1ssal foglalkoz\u00f3 c\u00e9get vezetsz, vagy c\u00e9gedhez takar\u00edt\u00f3 szolg\u00e1ltat\u00e1st veszel ig\u00e9nybe, esetleg saj\u00e1t takar\u00edt\u00f3d van alkalmazottk\u00e9nt, t\u00f6ltsd ki [&hellip;]<\/p>\n","protected":false},"author":1,"featured_media":110,"parent":0,"menu_order":0,"comment_status":"closed","ping_status":"closed","template":"elementor_canvas","meta":{"footnotes":""},"class_list":["post-9","page","type-page","status-publish","has-post-thumbnail","hentry"],"_links":{"self":[{"href":"https:\/\/kerdoiv.takaritocsoport.hu\/index.php?rest_route=\/wp\/v2\/pages\/9","targetHints":{"allow":["GET"]}}],"collection":[{"href":"https:\/\/kerdoiv.takaritocsoport.hu\/index.php?rest_route=\/wp\/v2\/pages"}],"about":[{"href":"https:\/\/kerdoiv.takaritocsoport.hu\/index.php?rest_route=\/wp\/v2\/types\/page"}],"author":[{"embeddable":true,"href":"https:\/\/kerdoiv.takaritocsoport.hu\/index.php?rest_route=\/wp\/v2\/users\/1"}],"replies":[{"embeddable":true,"href":"https:\/\/kerdoiv.takaritocsoport.hu\/index.php?rest_route=%2Fwp%2Fv2%2Fcomments&post=9"}],"version-history":[{"count":114,"href":"https:\/\/kerdoiv.takaritocsoport.hu\/index.php?rest_route=\/wp\/v2\/pages\/9\/revisions"}],"predecessor-version":[{"id":149,"href":"https:\/\/kerdoiv.takaritocsoport.hu\/index.php?rest_route=\/wp\/v2\/pages\/9\/revisions\/149"}],"wp:featuredmedia":[{"embeddable":true,"href":"https:\/\/kerdoiv.takaritocsoport.hu\/index.php?rest_route=\/wp\/v2\/media\/110"}],"wp:attachment":[{"href":"https:\/\/kerdoiv.takaritocsoport.hu\/index.php?rest_route=%2Fwp%2Fv2%2Fmedia&parent=9"}],"curies":[{"name":"wp","href":"https:\/\/api.w.org\/{rel}","templated":true}]}}